{"id":17,"date":"2011-04-13T18:28:53","date_gmt":"2011-04-13T18:28:53","guid":{"rendered":"http:\/\/swab.attraction.se\/?page_id=17"},"modified":"2015-10-02T10:35:11","modified_gmt":"2015-10-02T10:35:11","slug":"information-almbacksgatan-15","status":"publish","type":"page","link":"http:\/\/swabfastigheter.se\/?page_id=17","title":{"rendered":"Almbacksgatan 15"},"content":{"rendered":"<h1>Almbacksgatan 15<\/h1>\n<hr \/>\n<p><span class=\"hyresgast-d\">23.06.2015<\/span><\/p>\n<h2>Installation FiberLan<\/h2>\n<p>B\u00e4ste hyresg\u00e4st,<\/p>\n<p>Friteckningstiden f\u00f6r fiberlan g\u00e5r ut den siste juli, d\u00e4refter kostar startavgiften 495 SEK.<br \/>\nS\u00e5 \u00e4r du intresserad, ring och best\u00e4ll!<\/p>\n<hr \/>\n<p><span class=\"hyresgast-d\">25.05.2015<\/span><\/p>\n<h2>Installation FiberLan \u00e4r klar<\/h2>\n<p>B\u00e4ste hyresg\u00e4st,<\/p>\n<p>Enligt Bredbandsbolaget skall installationen nu vara klar. F\u00f6r att f\u00e5 bredbandet aktiverat m\u00e5ste du ringa Bredbandsbolagets privata kundservice p\u00e5 0770-777 000 och registrera ett abonnemang. Du beh\u00f6ver inte v\u00e4lja n\u00e5gra extratj\u00e4nster (som du f\u00e5r betala extra f\u00f6r) om du inte vill, utan kan enbart v\u00e4lja de tj\u00e4nster  som ing\u00e5r dvs 100\/100 Mbits anslutning. N\u00e4r detta \u00e4r gjort kommer Bredbandsbolaget att skicka ut ett startpaket med all utrustning som beh\u00f6vs. En router (modem) och kabel finns med i detta startpaket som du sedan kopplar in i uttaget i l\u00e4genheten.<\/p>\n<p>Om du har problem med tj\u00e4nsten ringer du samma nummer, 0770-777 000, men v\u00e4ljer teknisk support.<\/p>\n<p>Alla som \u00f6nskar kan fritt prova bredbandet under n\u00e5gon m\u00e5nads tid. \u00c4r du intresserad av att forts\u00e4tta med tj\u00e4nsten efter detta kommer ett separat avtal att tecknas mellan fastighets\u00e4garen och hyresg\u00e4sten. <\/p>\n<hr \/>\n<p><span class=\"hyresgast-d\">29.01.2015<\/span><\/p>\n<h2>Installation FiberLan<\/h2>\n<p>B\u00e4ste hyresg\u00e4st,<\/p>\n<p>Intresset f\u00f6r installation av FiberLan som ger en snabb och stabil internetuppkoppling har varit stor. SWAB-fastigheter har d\u00e4rf\u00f6r tecknat avtal med Bredbandsbolaget och f\u00f6rsta byggm\u00f6tet har h\u00e5llits.<br \/>\nInstallationen av FiberLan i fastigheten har p\u00e5b\u00f6rjats och ber\u00e4knas vara avslutad den siste april. D\u00e4refter beh\u00f6ver Bredbandsbolaget ca 15 dagar f\u00f6r p\u00e5koppling och vi r\u00e4knar med att installationen skall vara i full drift senast 1 juni.<br \/>\nUnder installationen beh\u00f6ver Bredbandsbolaget f\u00e5 tillg\u00e5ng till din l\u00e4genhet. Installationen i bostaden utf\u00f6rs under en dag och du kommer att f\u00e5 information om detta i god tid. Har du inte m\u00f6jlighet att vara hemma p\u00e5 f\u00f6reslagen tid s\u00e5 kontaktar du Bo Ekholm p\u00e5 0727-207070.<br \/>\nVi kommer att h\u00e5lla dig l\u00f6pande informerad om installationen.<\/p>\n<hr \/>\n<p><span class=\"hyresgast-d\">01.12.2014<\/span><\/p>\n<h2>Ny tv\u00e4ttstuga<\/h2>\n<p>B\u00e4ste hyresg\u00e4st,<\/p>\n<p>Ombyggnaden av tv\u00e4ttstugan \u00e4r nu f\u00e4rdig. Tv\u00e4ttstugan har tv\u00e5 tv\u00e4ttmaskiner, en torktumlare och ett torksk\u00e5p. Alla av m\u00e4rket Electrolux. Dessutom finns mangel och lakanstr\u00e4ck i angr\u00e4nsande rum. F\u00f6r att maskinerna skall fungera utan problem \u00e4r det viktigt att f\u00f6lja de instruktioner som finns i tv\u00e4ttstugan.<\/p>\n<p>Bokning av tv\u00e4ttstugan g\u00f6rs som vanligt, bokningstavlan h\u00e4nger numera inne i tv\u00e4ttstugan.<\/p>\n<p>Det \u00e5ligger hyresg\u00e4sten att st\u00e4da efter sig i tv\u00e4ttstugan. Maskiner och bord skall torkas av, luddfiltret i torktumlaren skall reng\u00f6ras och golvet skall sopas eller moppas.<br \/>\nOBS! Maskinerna f\u00e5r p\u00e5 inga villkor \u00f6verspolas med vatten.<\/p>\n<p>Vid fel i tv\u00e4ttstugan, kontakta omedelbart fastighetssk\u00f6taren, Bosse Ekholm,<br \/>\np\u00e5 0727-207070.<\/p>\n<hr \/>\n<p><span class=\"hyresgast-d\">21.10.2014<\/span><\/p>\n<h2>Renovering av tv\u00e4ttstugan<\/h2>\n<p>K\u00e4ra hyresg\u00e4ster,<\/p>\n<p>Som ni vet kommer vi att renovera tv\u00e4ttstugan p\u00e5 Almbacksgatan i h\u00f6st. <\/p>\n<ul>\n<li>3\/11 p\u00e5b\u00f6rjas renoveringen.<\/li>\n<li>1\/12 v\u00e4ntas renoveringen vara klar.<\/li>\n<li>D\u00e5 renoveringen \u00e4r klar h\u00f6js hyran med 79 kr\/m\u00e5nad enligt f\u00f6rhandlings\u00f6verenskommelse mellan Hyresg\u00e4stf\u00f6reningen och Fastighets\u00e4garna.<\/li>\n<\/ul>\n<p>Under renoveringsperioden kommer den gamla tv\u00e4ttstugan att rivas ut. En provisorisk tv\u00e4ttstuga kommer att installeras i korridoren utanf\u00f6r, d\u00e4r man kan tv\u00e4tta under renoveringsperioden.<br \/>\nSten Madsen p\u00e5 SM-bygg \u00e4r projektledare, men har ni n\u00e5gra fr\u00e5gor eller funderingar v\u00e4nligen kontakta Ingrid Olsson. <\/p>\n<p>Efter renoveringen kommer tv\u00e4ttstugan innefatta bland annat tv\u00e5 tv\u00e4ttmaskiner, en torktumlare, en mangel och ett torksk\u00e5p. Allt kommer att vara nytt och fr\u00e5n Electrolux.<br \/>\nNedan finner du skisser p\u00e5 hur tv\u00e4ttstugan kommer att se ut efter renoveringen. <\/p>\n<hr\/ >\n<span class=\"hyresgast-d\">20.10.2011<\/span><\/p>\n<h2>Cyklar i porten<\/h2>\n<p>Det \u00e4r inte till\u00e5tet att parkera cyklar i porten. Cyklar skall placeras i cykelst\u00e4llet p\u00e5 g\u00e5rden. De cyklar som mot f\u00f6rmodan st\u00e5r kvar i porten  n\u00e4sta vecka (vecka 43) kommer att flyttas in p\u00e5 g\u00e5rden av v\u00e5r fastighetssk\u00f6tare, Bo Ekholm. Har du n\u00e5gra fr\u00e5gor om cykelparkering, kontakta Bo p\u00e5<br \/>\n072-720 70 70.<\/p>\n<hr \/>\n<div id='gallery-1' class='gallery galleryid-17 gallery-columns-3 gallery-size-thumbnail'><figure class='gallery-item'>\n\t\t\t<div class='gallery-icon landscape'>\n\t\t\t\t<a href='http:\/\/swabfastigheter.se\/?attachment_id=764'><img width=\"150\" height=\"150\" src=\"http:\/\/material.swabfastigheter.se\/2011\/04\/Mangel-150x150.png\" class=\"attachment-thumbnail size-thumbnail\" alt=\"\" decoding=\"async\" loading=\"lazy\" \/><\/a>\n\t\t\t<\/div><\/figure><figure class='gallery-item'>\n\t\t\t<div class='gallery-icon landscape'>\n\t\t\t\t<a href='http:\/\/swabfastigheter.se\/?attachment_id=765'><img width=\"150\" height=\"150\" src=\"http:\/\/material.swabfastigheter.se\/2011\/04\/Torkska\u030ap-150x150.png\" class=\"attachment-thumbnail size-thumbnail\" alt=\"\" decoding=\"async\" loading=\"lazy\" \/><\/a>\n\t\t\t<\/div><\/figure>\n\t\t<\/div>\n\n<p>I samband med den enk\u00e4t ni fyllde i ang\u00e5ende renoveringen av tv\u00e4ttstugan fr\u00e5gade vi ocks\u00e5 hur intresset s\u00e5g ut f\u00f6r att installera bredband i huset. Majoriteten var positiv till detta. Vi \u00e4r just nu inne i processen d\u00e4r vi skriver avtal med bredbandsbolaget. Efter f\u00f6rsta byggm\u00f6tet dr\u00f6jer det cirka tre till sex m\u00e5nader innan bredbandet byggas in. Mer information om detta f\u00f6ljer. <\/p>\n<p><span class=\"hyresgast-d\">28.04.2011<\/span><\/p>\n<h2>Ombyggnadsarbete innerg\u00e5rd<\/h2>\n<p>Ombyggnadsarbete av inneg\u00e5rden har p\u00e5b\u00f6rjats. Befintliga sopnedkast kommer att nedmonteras och ers\u00e4ttas av ett soprum p\u00e5 g\u00e5rden. Under en \u00f6verg\u00e5ngstid kommer soptunnor f\u00f6r hush\u00e5llsavfall att placeras direkt p\u00e5 g\u00e5rden.<br \/>\nCykelskjulen ut\u00f6kas, trasiga betongplattor byts ut och tr\u00e4dg\u00e5rden fr\u00e4schas upp.<\/p>\n","protected":false},"excerpt":{"rendered":"<p>Almbacksgatan 15 23.06.2015 Installation FiberLan B\u00e4ste hyresg\u00e4st, Friteckningstiden f\u00f6r fiberlan g\u00e5r ut den siste juli, d\u00e4refter kostar startavgiften 495 SEK. S\u00e5 \u00e4r du intresserad, ring och best\u00e4ll! 25.05.2015 Installation FiberLan \u00e4r klar B\u00e4ste hyresg\u00e4st, Enligt Bredbandsbolaget skall installationen nu vara klar. F\u00f6r att f\u00e5 bredbandet aktiverat m\u00e5ste du ringa Bredbandsbolagets privata kundservice p\u00e5 0770-777 000 &hellip; <a href=\"http:\/\/swabfastigheter.se\/?page_id=17\" class=\"more-link\">Forts\u00e4tt l\u00e4sa <span class=\"screen-reader-text\">Almbacksgatan 15<\/span> <span class=\"meta-nav\">&rarr;<\/span><\/a><\/p>\n","protected":false},"author":1,"featured_media":0,"parent":24,"menu_order":0,"comment_status":"closed","ping_status":"closed","template":"","meta":[],"_links":{"self":[{"href":"http:\/\/swabfastigheter.se\/index.php?rest_route=\/wp\/v2\/pages\/17"}],"collection":[{"href":"http:\/\/swabfastigheter.se\/index.php?rest_route=\/wp\/v2\/pages"}],"about":[{"href":"http:\/\/swabfastigheter.se\/index.php?rest_route=\/wp\/v2\/types\/page"}],"author":[{"embeddable":true,"href":"http:\/\/swabfastigheter.se\/index.php?rest_route=\/wp\/v2\/users\/1"}],"replies":[{"embeddable":true,"href":"http:\/\/swabfastigheter.se\/index.php?rest_route=%2Fwp%2Fv2%2Fcomments&post=17"}],"version-history":[{"count":11,"href":"http:\/\/swabfastigheter.se\/index.php?rest_route=\/wp\/v2\/pages\/17\/revisions"}],"predecessor-version":[{"id":853,"href":"http:\/\/swabfastigheter.se\/index.php?rest_route=\/wp\/v2\/pages\/17\/revisions\/853"}],"up":[{"embeddable":true,"href":"http:\/\/swabfastigheter.se\/index.php?rest_route=\/wp\/v2\/pages\/24"}],"wp:attachment":[{"href":"http:\/\/swabfastigheter.se\/index.php?rest_route=%2Fwp%2Fv2%2Fmedia&parent=17"}],"curies":[{"name":"wp","href":"https:\/\/api.w.org\/{rel}","templated":true}]}}