{"id":44,"date":"2011-04-13T18:39:30","date_gmt":"2011-04-13T18:39:30","guid":{"rendered":"http:\/\/swab.attraction.se\/?page_id=44"},"modified":"2015-10-02T10:40:29","modified_gmt":"2015-10-02T10:40:29","slug":"storande-hyresgaster","status":"publish","type":"page","link":"http:\/\/swabfastigheter.se\/?page_id=44","title":{"rendered":"St\u00f6rande hyresg\u00e4ster"},"content":{"rendered":"<h1>St\u00f6rande hyresg\u00e4ster<\/h1>\n<p>Du skall vid nyttjande av l\u00e4genheten iaktta vad som i dagligt tal kallas sundhet, ordning och gott skick, vilket inneb\u00e4r att boende i en fastighet kan f\u00f6rv\u00e4nta sig att det r\u00e5der lugn i huset i synnerhet mellan kl 23.00-06.30. Det inneb\u00e4r naturligtvis inte att man f\u00f6r den skull f\u00e5r spela stereo p\u00e5 h\u00f6gsta volym p\u00e5 dagtid utan \u00e4ven d\u00e5 skall man visa h\u00e4nsyn till sina grannar och deras bes\u00f6kare.<\/p>\n<p><strong>Vad h\u00e4nder om n\u00e5gon hyresg\u00e4st inte sk\u00f6ter sig s\u00e5 som f\u00f6rv\u00e4ntas?<\/strong><br \/>\nOm du mot f\u00f6rmodan st\u00f6r dina grannar i den utstr\u00e4ckningen att det b\u00f6rjar komma upprepade klagom\u00e5l till fastighets\u00e4garen erh\u00e5ller du ett f\u00f6rsta varningsbrev. I detta brev upplyses du om risken att mista hyresr\u00e4tten om inte omg\u00e5ende r\u00e4ttelse vidtas. Om du trots varningsbrev forts\u00e4tter att st\u00f6ra din omgivning kommer hyresavtalet, med iakttagande av f\u00f6reskriven upps\u00e4gningstid, att s\u00e4gas upp till upph\u00f6rande vid hyrestidens utg\u00e5ng.<\/p>\n","protected":false},"excerpt":{"rendered":"<p>St\u00f6rande hyresg\u00e4ster Du skall vid nyttjande av l\u00e4genheten iaktta vad som i dagligt tal kallas sundhet, ordning och gott skick, vilket inneb\u00e4r att boende i en fastighet kan f\u00f6rv\u00e4nta sig att det r\u00e5der lugn i huset i synnerhet mellan kl 23.00-06.30. Det inneb\u00e4r naturligtvis inte att man f\u00f6r den skull f\u00e5r spela stereo p\u00e5 h\u00f6gsta &hellip; <a href=\"http:\/\/swabfastigheter.se\/?page_id=44\" class=\"more-link\">Forts\u00e4tt l\u00e4sa <span class=\"screen-reader-text\">St\u00f6rande hyresg\u00e4ster<\/span> <span class=\"meta-nav\">&rarr;<\/span><\/a><\/p>\n","protected":false},"author":1,"featured_media":0,"parent":24,"menu_order":0,"comment_status":"closed","ping_status":"closed","template":"","meta":[],"_links":{"self":[{"href":"http:\/\/swabfastigheter.se\/index.php?rest_route=\/wp\/v2\/pages\/44"}],"collection":[{"href":"http:\/\/swabfastigheter.se\/index.php?rest_route=\/wp\/v2\/pages"}],"about":[{"href":"http:\/\/swabfastigheter.se\/index.php?rest_route=\/wp\/v2\/types\/page"}],"author":[{"embeddable":true,"href":"http:\/\/swabfastigheter.se\/index.php?rest_route=\/wp\/v2\/users\/1"}],"replies":[{"embeddable":true,"href":"http:\/\/swabfastigheter.se\/index.php?rest_route=%2Fwp%2Fv2%2Fcomments&post=44"}],"version-history":[{"count":1,"href":"http:\/\/swabfastigheter.se\/index.php?rest_route=\/wp\/v2\/pages\/44\/revisions"}],"predecessor-version":[{"id":862,"href":"http:\/\/swabfastigheter.se\/index.php?rest_route=\/wp\/v2\/pages\/44\/revisions\/862"}],"up":[{"embeddable":true,"href":"http:\/\/swabfastigheter.se\/index.php?rest_route=\/wp\/v2\/pages\/24"}],"wp:attachment":[{"href":"http:\/\/swabfastigheter.se\/index.php?rest_route=%2Fwp%2Fv2%2Fmedia&parent=44"}],"curies":[{"name":"wp","href":"https:\/\/api.w.org\/{rel}","templated":true}]}}